{"id":10947,"date":"2026-04-16T13:46:35","date_gmt":"2026-04-16T11:46:35","guid":{"rendered":"https:\/\/www.france-culinaire.com\/product\/marinade_saveur_olive_et_herbes_de_provence_8320\/"},"modified":"2026-04-16T13:46:35","modified_gmt":"2026-04-16T11:46:35","slug":"marinade_saveur_olive_et_herbes_de_provence_8320","status":"publish","type":"product","link":"https:\/\/www.france-culinaire.com\/en\/product\/marinade_saveur_olive_et_herbes_de_provence_8320\/","title":{"rendered":"MARINADE SAVEUR OLIVE ET HERBES DE PROVENCE"},"content":{"rendered":"<p><strong>La marinade saveur olive et herbes de Provence est une sp\u00e9cialit\u00e9 aromatique pr\u00eate \u00e0 l&#8217;emploi. Elle s&#8217;utilise en barattage et en enrobage. Cette sp\u00e9cialit\u00e9 aromatique apporte une flaveur m\u00e9diterran\u00e9enne, olive fruit\u00e9e et herbes aromatiques de couleur vert dor\u00e9.<\/strong><\/p>\n","protected":false},"excerpt":{"rendered":"<p>Sp\u00e9cialit\u00e9 aromatique note m\u00e9diterran\u00e9enne, olive et herbes aromatiques<\/p>\n","protected":false},"featured_media":0,"template":"","meta":[],"product_brand":[],"product_type":[2],"product_visibility":[],"product_cat":[15],"class_list":{"0":"post-10947","1":"product","2":"type-product","3":"status-publish","5":"product_cat-uncategorized","7":"first","8":"instock","9":"shipping-taxable","10":"product-type-simple"},"acf":{"fiche_technique":null,"fiche_methode":null},"yoast_head":"<!-- This site is optimized with the Yoast SEO plugin v27.1.1 - https:\/\/yoast.com\/product\/yoast-seo-wordpress\/ -->\n<title>MARINADE SAVEUR OLIVE ET HERBES DE PROVENCE - France Culinaire D\u00e9veloppement<\/title>\n<meta name=\"robots\" content=\"index, follow, max-snippet:-1, max-image-preview:large, max-video-preview:-1\" \/>\n<link rel=\"canonical\" href=\"https:\/\/www.france-culinaire.com\/product\/marinade_saveur_olive_et_herbes_de_provence_8320\/\" \/>\n<meta property=\"og:locale\" content=\"en_US\" \/>\n<meta property=\"og:type\" content=\"article\" \/>\n<meta property=\"og:title\" content=\"MARINADE SAVEUR OLIVE ET HERBES DE PROVENCE - France Culinaire D\u00e9veloppement\" \/>\n<meta property=\"og:description\" content=\"Sp\u00e9cialit\u00e9 aromatique note m\u00e9diterran\u00e9enne, olive et herbes aromatiques\" \/>\n<meta property=\"og:url\" content=\"https:\/\/www.france-culinaire.com\/product\/marinade_saveur_olive_et_herbes_de_provence_8320\/\" \/>\n<meta property=\"og:site_name\" content=\"France Culinaire D\u00e9veloppement\" \/>\n<meta name=\"twitter:card\" content=\"summary_large_image\" \/>\n<script type=\"application\/ld+json\" class=\"yoast-schema-graph\">{\"@context\":\"https:\/\/schema.org\",\"@graph\":[{\"@type\":\"WebPage\",\"@id\":\"https:\/\/www.france-culinaire.com\/product\/marinade_saveur_olive_et_herbes_de_provence_8320\/\",\"url\":\"https:\/\/www.france-culinaire.com\/product\/marinade_saveur_olive_et_herbes_de_provence_8320\/\",\"name\":\"MARINADE SAVEUR OLIVE ET HERBES DE PROVENCE - France Culinaire D\u00e9veloppement\",\"isPartOf\":{\"@id\":\"https:\/\/www.france-culinaire.com\/#website\"},\"datePublished\":\"2026-04-16T11:46:35+00:00\",\"breadcrumb\":{\"@id\":\"https:\/\/www.france-culinaire.com\/product\/marinade_saveur_olive_et_herbes_de_provence_8320\/#breadcrumb\"},\"inLanguage\":\"en-US\",\"potentialAction\":[{\"@type\":\"ReadAction\",\"target\":[\"https:\/\/www.france-culinaire.com\/product\/marinade_saveur_olive_et_herbes_de_provence_8320\/\"]}]},{\"@type\":\"BreadcrumbList\",\"@id\":\"https:\/\/www.france-culinaire.com\/product\/marinade_saveur_olive_et_herbes_de_provence_8320\/#breadcrumb\",\"itemListElement\":[{\"@type\":\"ListItem\",\"position\":1,\"name\":\"Home\",\"item\":\"https:\/\/www.france-culinaire.com\/en\/\"},{\"@type\":\"ListItem\",\"position\":2,\"name\":\"Boutique\",\"item\":\"https:\/\/www.france-culinaire.com\/boutique-2\/\"},{\"@type\":\"ListItem\",\"position\":3,\"name\":\"MARINADE SAVEUR OLIVE ET HERBES DE PROVENCE\"}]},{\"@type\":\"WebSite\",\"@id\":\"https:\/\/www.france-culinaire.com\/#website\",\"url\":\"https:\/\/www.france-culinaire.com\/\",\"name\":\"France Culinaire D\u00e9veloppement\",\"description\":\"L\u2019aromatisation sur mesure\",\"potentialAction\":[{\"@type\":\"SearchAction\",\"target\":{\"@type\":\"EntryPoint\",\"urlTemplate\":\"https:\/\/www.france-culinaire.com\/?s={search_term_string}\"},\"query-input\":{\"@type\":\"PropertyValueSpecification\",\"valueRequired\":true,\"valueName\":\"search_term_string\"}}],\"inLanguage\":\"en-US\"}]}<\/script>\n<!-- \/ Yoast SEO plugin. -->","yoast_head_json":{"title":"MARINADE SAVEUR OLIVE ET HERBES DE PROVENCE - France Culinaire D\u00e9veloppement","robots":{"index":"index","follow":"follow","max-snippet":"max-snippet:-1","max-image-preview":"max-image-preview:large","max-video-preview":"max-video-preview:-1"},"canonical":"https:\/\/www.france-culinaire.com\/product\/marinade_saveur_olive_et_herbes_de_provence_8320\/","og_locale":"en_US","og_type":"article","og_title":"MARINADE SAVEUR OLIVE ET HERBES DE PROVENCE - France Culinaire D\u00e9veloppement","og_description":"Sp\u00e9cialit\u00e9 aromatique note m\u00e9diterran\u00e9enne, olive et herbes aromatiques","og_url":"https:\/\/www.france-culinaire.com\/product\/marinade_saveur_olive_et_herbes_de_provence_8320\/","og_site_name":"France Culinaire D\u00e9veloppement","twitter_card":"summary_large_image","schema":{"@context":"https:\/\/schema.org","@graph":[{"@type":"WebPage","@id":"https:\/\/www.france-culinaire.com\/product\/marinade_saveur_olive_et_herbes_de_provence_8320\/","url":"https:\/\/www.france-culinaire.com\/product\/marinade_saveur_olive_et_herbes_de_provence_8320\/","name":"MARINADE SAVEUR OLIVE ET HERBES DE PROVENCE - France Culinaire D\u00e9veloppement","isPartOf":{"@id":"https:\/\/www.france-culinaire.com\/#website"},"datePublished":"2026-04-16T11:46:35+00:00","breadcrumb":{"@id":"https:\/\/www.france-culinaire.com\/product\/marinade_saveur_olive_et_herbes_de_provence_8320\/#breadcrumb"},"inLanguage":"en-US","potentialAction":[{"@type":"ReadAction","target":["https:\/\/www.france-culinaire.com\/product\/marinade_saveur_olive_et_herbes_de_provence_8320\/"]}]},{"@type":"BreadcrumbList","@id":"https:\/\/www.france-culinaire.com\/product\/marinade_saveur_olive_et_herbes_de_provence_8320\/#breadcrumb","itemListElement":[{"@type":"ListItem","position":1,"name":"Home","item":"https:\/\/www.france-culinaire.com\/en\/"},{"@type":"ListItem","position":2,"name":"Boutique","item":"https:\/\/www.france-culinaire.com\/boutique-2\/"},{"@type":"ListItem","position":3,"name":"MARINADE SAVEUR OLIVE ET HERBES DE PROVENCE"}]},{"@type":"WebSite","@id":"https:\/\/www.france-culinaire.com\/#website","url":"https:\/\/www.france-culinaire.com\/","name":"France Culinaire D\u00e9veloppement","description":"L\u2019aromatisation sur mesure","potentialAction":[{"@type":"SearchAction","target":{"@type":"EntryPoint","urlTemplate":"https:\/\/www.france-culinaire.com\/?s={search_term_string}"},"query-input":{"@type":"PropertyValueSpecification","valueRequired":true,"valueName":"search_term_string"}}],"inLanguage":"en-US"}]}},"_links":{"self":[{"href":"https:\/\/www.france-culinaire.com\/en\/wp-json\/wp\/v2\/product\/10947","targetHints":{"allow":["GET"]}}],"collection":[{"href":"https:\/\/www.france-culinaire.com\/en\/wp-json\/wp\/v2\/product"}],"about":[{"href":"https:\/\/www.france-culinaire.com\/en\/wp-json\/wp\/v2\/types\/product"}],"wp:attachment":[{"href":"https:\/\/www.france-culinaire.com\/en\/wp-json\/wp\/v2\/media?parent=10947"}],"wp:term":[{"taxonomy":"product_brand","embeddable":true,"href":"https:\/\/www.france-culinaire.com\/en\/wp-json\/wp\/v2\/product_brand?post=10947"},{"taxonomy":"product_type","embeddable":true,"href":"https:\/\/www.france-culinaire.com\/en\/wp-json\/wp\/v2\/product_type?post=10947"},{"taxonomy":"product_visibility","embeddable":true,"href":"https:\/\/www.france-culinaire.com\/en\/wp-json\/wp\/v2\/product_visibility?post=10947"},{"taxonomy":"product_cat","embeddable":true,"href":"https:\/\/www.france-culinaire.com\/en\/wp-json\/wp\/v2\/product_cat?post=10947"}],"curies":[{"name":"wp","href":"https:\/\/api.w.org\/{rel}","templated":true}]}}

<p><strong>La marinade saveur olive et herbes de Provence est une spécialité aromatique prête à l&#8217;emploi. Elle s&#8217;utilise en barattage et en enrobage. Cette spécialité aromatique apporte une flaveur méditerranéenne, olive fruitée et herbes aromatiques de couleur vert doré.</strong></p>

<p>Spécialité aromatique note méditerranéenne, olive et herbes aromatiques</p>

<!-- This site is optimized with the Yoast SEO plugin v27.1.1 - https://yoast.com/product/yoast-seo-wordpress/ -->
<title>MARINADE SAVEUR OLIVE ET HERBES DE PROVENCE - France Culinaire Développement</title>
<meta name="robots" content="index, follow, max-snippet:-1, max-image-preview:large, max-video-preview:-1" />
<link rel="canonical" href="https://www.france-culinaire.com/product/marinade_saveur_olive_et_herbes_de_provence_8320/" />
<meta property="og:locale" content="en_US" />
<meta property="og:type" content="article" />
<meta property="og:title" content="MARINADE SAVEUR OLIVE ET HERBES DE PROVENCE - France Culinaire Développement" />
<meta property="og:description" content="Spécialité aromatique note méditerranéenne, olive et herbes aromatiques" />
<meta property="og:url" content="https://www.france-culinaire.com/product/marinade_saveur_olive_et_herbes_de_provence_8320/" />
<meta property="og:site_name" content="France Culinaire Développement" />
<meta name="twitter:card" content="summary_large_image" />
<script type="application/ld+json" class="yoast-schema-graph">{"@context":"https://schema.org","@graph":[{"@type":"WebPage","@id":"https://www.france-culinaire.com/product/marinade_saveur_olive_et_herbes_de_provence_8320/","url":"https://www.france-culinaire.com/product/marinade_saveur_olive_et_herbes_de_provence_8320/","name":"MARINADE SAVEUR OLIVE ET HERBES DE PROVENCE - France Culinaire Développement","isPartOf":{"@id":"https://www.france-culinaire.com/#website"},"datePublished":"2026-04-16T11:46:35+00:00","breadcrumb":{"@id":"https://www.france-culinaire.com/product/marinade_saveur_olive_et_herbes_de_provence_8320/#breadcrumb"},"inLanguage":"en-US","potentialAction":[{"@type":"ReadAction","target":["https://www.france-culinaire.com/product/marinade_saveur_olive_et_herbes_de_provence_8320/"]}]},{"@type":"BreadcrumbList","@id":"https://www.france-culinaire.com/product/marinade_saveur_olive_et_herbes_de_provence_8320/#breadcrumb","itemListElement":[{"@type":"ListItem","position":1,"name":"Home","item":"https://www.france-culinaire.com/en/"},{"@type":"ListItem","position":2,"name":"Boutique","item":"https://www.france-culinaire.com/boutique-2/"},{"@type":"ListItem","position":3,"name":"MARINADE SAVEUR OLIVE ET HERBES DE PROVENCE"}]},{"@type":"WebSite","@id":"https://www.france-culinaire.com/#website","url":"https://www.france-culinaire.com/","name":"France Culinaire Développement","description":"L’aromatisation sur mesure","potentialAction":[{"@type":"SearchAction","target":{"@type":"EntryPoint","urlTemplate":"https://www.france-culinaire.com/?s={search_term_string}"},"query-input":{"@type":"PropertyValueSpecification","valueRequired":true,"valueName":"search_term_string"}}],"inLanguage":"en-US"}]}</script>
<!-- / Yoast SEO plugin. -->

MARINADE SAVEUR OLIVE ET HERBES DE PROVENCE - France Culinaire Développement

Spécialité aromatique note méditerranéenne, olive et herbes aromatiques

France Culinaire Développement
